e prime factors of y?
3, 7
Let k = 37 - 91. Let d = k + 105. List the prime factors of d.
3, 17
Let q be ((-2)/2)/((-2)/100). Suppose 2*v - x = 38, 3*v - v = -5*x + q. What are the prime factors of v?
2, 5
Let d be -3*6*(28/(-8))/7. Let h = d - -84. What are the prime factors of h?
3, 31
Suppose -7*o - 30 = -12*o. Suppose o*b - b - 310 = 0. List the prime factors of b.
2, 31
Let d(u) = 2*u**3 + 27*u**2 - 2*u + 76. List the prime factors of d(-13).
271
Let h be 1*(-4 - -2)*2. List the prime factors of (8/5)/h - (-4642)/55.
2, 3, 7
Let j = 40 + -11. Suppose -5*m + j = -16. List the prime factors of m.
3
Suppose 3*s = -5*b + 346, -3*b = 4*s - 769 + 293. What are the prime factors of s?
2, 61
Suppose 3*x - 136 = -3*k + 14, 3*k - 120 = 3*x. Suppose b - 5*m = k, -135 = -3*b - 2*m - m. Let n = b + -29. What are the prime factors of n?
2
Let i(b) be the first derivative of b**3/3 + 3*b**2/2 - 2*b - 2. Let o be i(-3). What are the prime factors of (o + -7)/(1/(-3))?
3
Suppose 0 = -23*i + 28*i - 6635. List the prime factors of i.
1327
Suppose -2*l - 24 = -4*i, -24 = -4*i - 4*l + 2*l. Suppose 0 = -u + i*u + 600. List the prime factors of (u/(-16))/(2/4).
3, 5
List the prime factors of ((-785)/(-30) + 4)/(10/60).
181
Suppose 5*q + 3*r = 5595, 0 = 2*q - 3*r + 5*r - 2234. What are the prime factors of 2/(-13) - q/(-26)?
43
Suppose i - 3*j = -3, 2*j + 8 = 2*i + 3*j. Let b = i + 41. Suppose 4*l - 8*l = -b. What are the prime factors of l?
11
Let v(o) = 2*o**2 - 4*o - 11. Let b(u) = -2*u**2 + 5*u + 11. Let y(p) = 4*b(p) + 5*v(p). What are the prime factors of y(-4)?
3, 7
Let x(w) = 2*w**3 - 2*w**2 - 3*w + 3. Let p be x(2). Suppose 2*b = y - 96, -p*b = 2*y + 3*y - 465. List the prime factors of y.
2, 47
Let k be (-195)/(-35) + 3/7. Let l = 11 - k. Suppose -4*a + 1 = -5*z, -5 - 10 = -l*z. List the prime factors of a.
2
Suppose -n - 1 = -5*c, 5 = 3*n - c - 62. List the prime factors of n + -5*(-6)/10.
3
Let d(r) = 88*r + 8. List the prime factors of d(8).
2, 89
Let j = 2550 - 2539. What are the prime factors of j?
11
Let y = 5 + 9. Let d be 15 - 2 - (-3*4)/4. Let r = d - y. What are the prime factors of r?
2
Let q = -38 + 33. Let l = -3 - q. Suppose l*v - 24 = a + 100, -3*a = -3*v + 189. List the prime factors of v.
61
Suppose -7*d + 86 = -54. Suppose 2*t + 5*s = -d, 4*s - 2*s = 2*t + 20. Let b(q) = -2*q + 20. What are the prime factors of b(t)?
2, 5
Let h(w) = -2*w + 21. Let l be h(13). Let y be (-1 + l)/(27/(-18)). Suppose 0 = y*i - 91 + 19. List the prime factors of i.
2, 3
Let t = 236 - -742. List the prime factors of t.
2, 3, 163
Let u = 19 + -25. What are the prime factors of (-303)/u + 9/(-6)?
7
Suppose 5*b = n - 521, n - 6*n - 2*b + 2659 = 0. List the prime factors of n.
3, 59
Let b be -1 - -1 - -2 - -51. List the prime factors of (b/(-2) + -2)/((-1)/6).
3, 19
Let n(y) be the first derivative of -y**4/4 - 2*y**3/3 - y**2 + y - 1. Let u be n(-3). Let z = 52 - u. List the prime factors of z.
2, 3
Suppose 10*y = 5*y + 10. List the prime factors of y*(-78)/5*-5.
2, 3, 13
List the prime factors of ((-5065)/(-15))/(-9 - 168/(-18)).
1013
Let a(l) be the second derivative of -5*l**3/6 + 23*l**2/2 + 20*l + 4. Let z be ((-6)/(-9))/(2/(-24)). What are the prime factors of a(z)?
3, 7
Suppose -3*o = 15*o - 3636. What are the prime factors of o?
2, 101
Let t(b) = -66*b - 10. What are the prime factors of t(-20)?
2, 5, 131
Suppose 4*m = 5039 + 1697. List the prime factors of m.
2, 421
Suppose -2*j - 1544 = -3*h, 3*h - 5*j - 1554 = -8*j. List the prime factors of h.
2, 3, 43
Let g(f) = 2*f + 5. Let q be g(-3). What are the prime factors of (12/(-18))/(q/78)?
2, 13
Suppose -4*r - 12276 = -3*c - c, -2*c - 12252 = 4*r. Let f be 1/(-6) + r/(-30). Suppose -a - a + f = 0. What are the prime factors of a?
3, 17
Let x(t) = -t**3 - 7*t**2 - 9*t - 4. Let g be x(-6). Let s = -5 + g. What are the prime factors of s*(16/(-12) + 2)?
2, 3
List the prime factors of ((-2)/6)/((-3496)/(-1752) - 2).
73
Suppose 40*w = 50496 + 23384. What are the prime factors of w?
1847
Suppose -2*v = -3*r + 1388, v = r + 2*r - 1387. List the prime factors of r.
2, 3, 7, 11
Let v(g) = -182*g**3 + 3*g**2 + 7*g + 9. What are the prime factors of v(-2)?
7, 11, 19
Let r be (-24)/5 - 9/45. Let j(v) = v**3 + 7*v**2 + 3*v + 1. List the prime factors of j(r).
2, 3
Suppose -5*s + 1 = 3*q - 2, 0 = 2*s + 3*q + 6. Let l be (0 + 0 - 1) + 3. Suppose -s*v + 47 = -l*v. List the prime factors of v.
47
List the prime factors of 4*(-4430)/(-20) - (-1 + 2).
3, 5, 59
Suppose 9*h = 7*h + 4. List the prime factors of h/(-5)*(-208 - -3).
2, 41
Suppose -182 = -4*i - 74. Let z = 155 + i. List the prime factors of z.
2, 7, 13
Suppose 120 = -2*i - 5*j, j + 1 = -3. Let o = i + 104. What are the prime factors of o?
2, 3
Let p be -9 + 6 + 1*-4. Let a = p + 13. Suppose 15 = r - 4*q, r - a*r = 5*q. List the prime factors of r.
3
Suppose -12*t = -2729 - 12355. List the prime factors of t.
3, 419
Let h = -87 - -242. Let r = h + -96. What are the prime factors of r?
59
What are the prime factors of -7*(-7)/((-245)/(-40)) + 4624?
2, 3, 193
Suppose -4*p + 64 - 8 = 0. Let u = 31 + p. What are the prime factors of u?
3, 5
Let t(c) = c**3 - 3*c**2 - 21*c + 43. List the prime factors of t(12).
1087
Suppose -2*z = 2*z + 2*m - 918, m = 4*z - 933. List the prime factors of z.
2, 29
Let m(a) = a**3 - 11*a**2 + 2*a - 22. Let d be m(11). Suppose d = 4*k + 4*k - 408. List the prime factors of k.
3, 17
Let j(p) = 38*p + 110. List the prime factors of j(6).
2, 13
Let w(n) = -n**2 - 4*n + 18. Let q(b) = 2*b**2 + 7*b - 35. Let j(h) = 4*q(h) + 7*w(h). Let z be j(6). Suppose 0 = -p + 8 + z. What are the prime factors of p?
2, 3, 5
Let y be (-1)/(-4) + (-171)/(-36). Suppose 2*g + 2*g + 19 = 3*f, -y*f - 8 = -g. Let s = g + 26. List the prime factors of s.
19
Let t = -113 + 203. Let d be 2*2*t/(-40). Let x = 8 - d. What are the prime factors of x?
17
Let t(g) = g - 14. Let q(c) = 1. Let h(d) = 6*q(d) + t(d). Let v be h(8). Suppose v*w - 130 = -5*w + 5*u, -u = -5*w + 114. List the prime factors of w.
2, 11
Let h(d) be the second derivative of 1/20*d**5 + 11/6*d**3 + 0 + 7/6*d**4 - 10*d - 3*d**2. List the prime factors of h(-13).
2, 5
Suppose 2*w - 360 = -2*g, -4*g + 89 = -4*w - 655. Let i = 265 - g. What are the prime factors of i?
2, 41
Suppose -d - 3 = 0, -5*r - d + 3267 = -0*d. List the prime factors of r.
2, 3, 109
Let b = -2248 - -3267. List the prime factors of b.
1019
Let y(j) = 5*j**2 - 35*j - 169. List the prime factors of y(-25).
3, 1277
Let d(b) be the third derivative of b**6/60 - b**5/12 + b**4/24 + 3*b**3/2 + 4*b**2. What are the prime factors of d(5)?
139
Let d = -1940 - -2612. What are the prime factors of d?
2, 3, 7
Let o = -8 - -15. Suppose -f = -v + 95, 4*v + f - 2*f = 380. What are the prime factors of o/14*(v + 1)?
2, 3
Let m = -208 + 420. What are the prime factors of m?
2, 53
Suppose -2*f = -w - 3*w + 38, 0 = 2*w + 2*f - 16. Let t be (16/(-12))/((-3)/w). Suppose t*p + 19 + 28 = h, 88 = 4*h + 4*p. List the prime factors of h.
3
Suppose -2*d + 32 = -24. Let q be (d/8 - 3)*12. Suppose -3*v = -q, -5*v - 180 = -2*x - 3*x. List the prime factors of x.
2, 19
Let k be ((-20)/(-6))/((-8)/(-12)). Let o(n) = -n**3 + 3*n**2 + 1. Let b be o(2). Suppose k*j = b*d + 85, j + d = -4*j + 73. List the prime factors of j.
3, 5
Let l be 2 - (-34)/(1 - 2). Let d = l - -8. Let n = d - -44. What are the prime factors of n?
2, 5
Suppose 11 + 9 = 5*w. Suppose 5*u = -0*u - 4*h - 144, -4*u - 112 = w*h. Let m = 45 + u. What are the prime factors of m?
13
Suppose -k + 3*f = 0, k + 2*k + 4*f - 26 = 0. What are the prime factors of (-2 - 78/9)/((-2)/k)?
2
Let b = 93 + -89. Suppose -4*c - 4*q = -820, -b*c = -5*c - 3*q + 213. List the prime factors of c.
3, 67
Let q(j) = -j**2 + 14*j. Let w be q(9). Suppose -4*i - 7 = 5*s + 71, 3*s = -3*i - w. Let y = -15 - s. List the prime factors of y.
3
Let w = -56 - -79. What are the prime factors of 2/2 - -3*w?
2, 5, 7
Let o be 44/(-3*(-3)/9). Let b = 74 - o. Suppose -h + b = t, -4*t + 111 = 4*h - 3*h. What are the prime factors of t?
3
Let i(s) = 56*s + 5. Let f be 1 - 3 - (-3 - 2). What are the prime factors of i(f)?
173
Let q = -9 + 10. Let g(y) = -3 + 3 + y**2 + 0 + 10*y - q. What are the prime factors of g(-11)?
2, 5
Let o(q) 